d by z(3)?
7
Suppose 8*u = -110 + 750. What is the remainder when u is divided by 29?
22
Let r = -13 + 37. Calculate the remainder when 45 is divided by r.
21
Suppose -f - f + 6 = 0. Let t be 117 + (f - 0) + -2. Suppose 3*i - t = -22. What is the remainder when i is divided by 11?
10
Let m be 2 - (-4 - 3/(-1)). Suppose -m*b = -b - 5*h + 58, -74 = 2*b - h. Let t = 64 + b. Calculate the remainder when t is divided by 7.
4
Suppose 2*d - 26 = 2. Suppose -75 = w + 4*w. Let t = 41 + w. Calculate the remainder when t is divided by d.
12
Suppose -5*o = -3*o - 4*f, -3 = f. Let a = 0 - o. Let w(j) = 11*j**2 + j - 1. What is the remainder when w(1) is divided by a?
5
Let g(q) = 2*q - 4*q**2 + q + 2*q**3 - 3*q + 2*q. Calculate the remainder when 11 is divided by g(2).
3
Suppose -2*p = -4*p + 416. Suppose 3*z + z - p = 0. What is the remainder when z is divided by 18?
16
Suppose 0 = -5*l - 25, -18 = -n - 0*n + 3*l. Suppose 0 = n*h - 133 - 38. Calculate the remainder when h is divided by 15.
12
Suppose 47*g + 65 = 52*g. Let f = 9 - 2. Calculate the remainder when g is divided by f.
6
Let j = 15 + -11. Let m be (2/j)/((-3)/(-6)). Let b(c) = 28*c**2 + c. Calculate the remainder when b(m) is divided by 15.
14
Suppose -47 - 5 = -4*t. Let v = 22 - t. What is the remainder when v is divided by 3?
0
Calculate the remainder when 75 is divided by 4/(-2) + (15 - -13).
23
Let r(l) = -4*l - 10. What is the remainder when 15 is divided by r(-5)?
5
Let x(c) = -c**3 - 5*c**2 + 6*c. Let t be x(-6). Let d(h) = h**3 - h**2 - h + 5. Calculate the remainder when 13 is divided by d(t).
3
Let z = 5 + -2. Let r = 1 + 1. Suppose 0 = -z*o - r*o + 50. What is the remainder when 28 is divided by o?
8
Let y = 129 - 34. Suppose -45 = 2*d - 3*d. Suppose -3*s = -15, 0 = -5*i - 5*s + y + d. What is the remainder when i is divided by 12?
11
Suppose -6*x = -8*x + 102. What is the remainder when 253 is divided by x?
49
Let j = 40 - 15. Calculate the remainder when 99 is divided by j.
24
Suppose -4*o = -4*n + 160, 0 = n + o - 41 + 5. Calculate the remainder when n is divided by 14.
10
Suppose 4*m + 3*g = 80, -2*m = g + 10 - 48. Let k = m + -3. Let h = k - 1. What is the remainder when 49 is divided by h?
10
Let h(q) = q**3 + 9*q**2 - 3*q - 5. Calculate the remainder when h(-9) is divided by 13.
9
Let i = 25 - 6. Calculate the remainder when i is divided by 11.
8
Suppose -v - 51 = -4*v. Suppose t + 2*z + 9 = -2*z, -z + v = 2*t. Calculate the remainder when 30 is divided by t.
8
Suppose -56 = -4*q + 3*q + 3*j, 5*j - 16 = -q. Suppose 0*a = a - 14. Calculate the remainder when q is divided by a.
13
Let x = 40 - 24. Suppose m - 4 = x. Calculate the remainder when 77 is divided by m.
17
Let q = 176 + -169. What is the remainder when 19 is divided by q?
5
Suppose -3*i - 4*d = -0*d - 94, -5*i = 4*d - 170. Suppose -4*q - 3*r = -i - 18, -70 = -5*q - r. What is the remainder when 52/8*(0 + 4) is divided by q?
12
Let s = 23 + 29. Suppose -2*u + o = -14, 4*o = -u - u + 4. Suppose 0 = u*x - 2*x - s. What is the remainder when x is divided by 5?
3
Let y = -63 + 33. What is the remainder when 15 is divided by (-5)/(-10) - y/4?
7
Let w(l) be the third derivative of l**6/120 - l**5/60 - l**4/24 + l**3 - 5*l**2. What is the remainder when 9 is divided by w(0)?
3
Suppose 2*t = -4*m + 6, -m = -0*m + t + 1. Suppose d - 6 = h, -d = -m*d - h + 38. Calculate the remainder when 41 is divided by d.
8
What is the remainder when -2*(-29)/2 + 0 is divided by 15?
14
Let w = 142 - 73. What is the remainder when w is divided by 18?
15
Let v be (1 - (-42)/(-9))*-3. Let y = 2 + v. Calculate the remainder when y is divided by (0 - 4)*14/(-8).
6
Let p = -115 + 202. Calculate the remainder when p is divided by 30.
27
Let f(h) = 2*h + 17. Calculate the remainder when 4 is divided by f(-8).
0
What is the remainder when (-10)/(-45) - (-1205)/45 is divided by 14?
13
Let y = -18 + 34. Suppose 0*o + 56 = 4*k + 2*o, 0 = -2*k + 5*o + y. Calculate the remainder when 36 is divided by k.
10
Suppose -14*b - 267 + 2045 = 0. What is the remainder when b is divided by 10?
7
Let p(d) = -17*d**3 - 2*d**2 + 1. Let i be p(-1). Let w = i + -5. What is the remainder when 30 is divided by w?
8
Suppose -4*k = -0*k - 4. What is the remainder when 17 is divided by 4 + (1 - 1) + k?
2
Let s = 127 - 23. What is the remainder when s is divided by 21?
20
Let v be (-2 + 0)/((-10)/(-175)). Let g = -25 - v. Calculate the remainder when g is divided by 6 - 5 - (-2)/1.
1
Suppose 0 = -4*i - 0*i + 144. Suppose 104 = 2*z + 2*z. Suppose l + z = 3*l. What is the remainder when i is divided by l?
10
Let v(w) = -w**3 - 5*w**2 - 7. Let h be v(-6). Suppose 3 + h = q + 5*z, 0 = 5*q - z - 108. Let i = q - 9. Calculate the remainder when 24 is divided by i.
11
Let q(d) = d**3 + d**2 - d - 26. Let o be q(0). Let i = 7 + o. Let p = 3 - i. Calculate the remainder when p is divided by 8.
6
Suppose m + 0 - 1 = 0. Calculate the remainder when 30 - m - 1/(-1) is divided by 16.
14
Suppose -2*d + 27 = d. Suppose -2*z - 7*f = -9*f - 8, 3*z = 4*f + 13. Calculate the remainder when d is divided by z.
0
Suppose 0*u = 4*u - 356. Suppose -j - 21 = -3*j + 5*s, -3*j = 4*s - u. What is the remainder when j is divided by 12?
11
Let p(j) = 7*j - 27. Let o(i) = -4*i + 14. Let x(m) = -5*o(m) - 3*p(m). Calculate the remainder when 4 is divided by x(8).
1
Let l = -19 + 29. What is the remainder when 34 is divided by l?
4
Let k be (12/10)/((-1)/5). Let t be (-1)/(((-2)/k)/(-1)). Suppose -w + 17 - 3 = -v, -t*w + 42 = 2*v. Calculate the remainder when 25 is divided by w.
11
What is the remainder when (2*-2)/((-33)/(-18) - 2) is divided by 16?
8
Let g(f) = -f - 5. What is the remainder when 8 is divided by g(-11)?
2
Suppose 6 = -3*k, 3*a + k - 9 = 1. Suppose 0 = r - 3*i - 6, -3*r = i - 0*i - 18. What is the remainder when r is divided by a?
2
Let y(n) = -2*n**2 - 20*n - 21. Calculate the remainder when 60 is divided by y(-7).
18
Let g(z) = 0*z**3 + 0 + 1 + z**3 - 2 + 4*z**2. Let n be g(-3). Calculate the remainder when 9 is divided by (15/(-12))/((-2)/n).
4
Let d(f) = -2*f**2 + 2*f + 49. What is the remainder when d(0) is divided by 18?
13
Suppose -2*s - 3*d = 2*d + 19, -s = 3*d + 9. Let r = s - -35. Calculate the remainder when r is divided by 9.
5
Suppose 8 = -2*a, -9 + 37 = p - 5*a. What is the remainder when p is divided by 5?
3
Let s(g) = g**3 - 3*g**2 + 6*g - 7. Calculate the remainder when 21 is divided by s(3).
10
Suppose -2*u = 5*h - 65, 6*u = 11*u - 2*h - 148. What is the remainder when u is divided by 12?
6
Calculate the remainder when 97 is divided by (-4 + -1)/((-2)/10).
22
Let b = -13 + 17. Suppose 0 = -2*z + t + 29, 0 = -b*t + 1 + 3. Calculate the remainder when (8/(-6))/(1/(-21)) is divided by z.
13
Suppose h - 22 = -u, 3*h - 83 = -5*u + 7*h. What is the remainder when u is divided by 11?
8
Suppose 2*f + 0*p + p - 155 = 0, -f - 3*p = -70. Calculate the remainder when f is divided by 27.
25
Let y = 49 + -45. What is the remainder when 15 is divided by y?
3
Suppose 26 + 22 = 2*a. Suppose -k = 3*r - 33, -2*r - 4 = -k + a. Calculate the remainder when k is divided by 16.
14
Suppose -4*h - h - 22 = -q, 0 = 3*q + h + 14. Suppose -2*f + r + 55 = -4, 0 = -f + 3*r + 32. Let g = q + f. What is the remainder when g is divided by 14?
12
Let j = -1 - -5. Calculate the remainder when 31 is divided by ((-2)/j)/(6/(-204)).
14
Let k = -18 + 26. Calculate the remainder when k is divided by 3.
2
Let p = -2 - 0. Calculate the remainder when 31 is divided by 1/p*-34 + -1.
15
Let z(g) = -g**3 - g**2 + 2*g + 2. Calculate the remainder when 3 is divided by z(-2).
1
Suppose 2 + 16 = c - s, c + 5*s - 30 = 0. Suppose -7 = -60*i + 59*i. Calculate the remainder when c is divided by i.
6
Let s = -32 - -35. Calculate the remainder when (-4)/10 - (-74)/10 is divided by s.
1
Suppose -5*q - 3*u = 12, 2*u + 8 = -2*q + 3*q. Suppose 5*c + 24 - 79 = q. What is the remainder when 4/(-22) - 1029/(-33) is divided by c?
9
Suppose -f = -6 - 19. Calculate the remainder when 62 is divided by f.
12
What is the remainder when ((-108)/(-6))/((6/(-15))/(-2)) is divided by 21?
6
Let z(k) = k**3 + 11*k**2 - 6*k + 25. What is the remainder when z(-11) is divided by 23?
22
Suppose 0 = -x + 3*x - 60. Suppose 5*y - 18 = 277. Calculate t